-33)/(-9) + -1)/((-2)/s). Let z = f + 30. What is the tens digit of z?
7
Suppose -13*z + 3654 = -6*z. Let w be (z/(-8))/((-5)/(-20)). Let m = -184 - w. What is the units digit of m?
7
Let o(j) = 5*j**2 - 117*j + 1265. What is the thousands digit of o(-70)?
3
Suppose -18*c + 14 = -25*c. What is the hundreds digit of c/14 + (-61884)/(-126)?
4
What is the tens digit of 1/((-5)/(-103685)) - (21 - 25)?
4
Suppose 4*n - 140185 = -2*r - 37673, 5*r = -3*n + 256273. What is the ten thousands digit of r?
5
Suppose 2*b = -2*b + 76. Let m(j) = -b*j**2 + 2 - 17 + 7 + 0*j**3 + 5*j + j**3. What is the units digit of m(19)?
7
Let l(p) = p**2 + 19*p + 30. Let b be l(-18). Let j be (-1076)/(-11) - b/(-66). Suppose -134 - j = -2*w. What is the units digit of w?
6
Let o(t) = 251*t + 119. Let k = 515 - 512. What is the tens digit of o(k)?
7
Suppose -6*x + 22 = 5*x. Let s be (19/x)/((-14)/(-56)). Let o = 124 - s. What is the tens digit of o?
8
What is the ten thousands digit of 45/((-135)/(-7674))*32?
8
Suppose 3*i - 30 = -2*r + r, 15 = 5*i. Suppose -4*u - 2*q = u - 21, r = 3*u - 3*q. Suppose -5*n - 617 = u*b - 2082, 3*n - 883 = b. What is the units digit of n?
4
Suppose 0 = 3*s - 2*s - 3*k - 12, 2*s - k = 39. Let g(o) = o**2 - 9*o - 34. Let j be g(s). Let n = 318 - j. What is the tens digit of n?
0
Suppose 144*v = 143*v - 1, 4*t = -5*v + 38171. What is the thousands digit of t?
9
Let n(r) = -r + 2. Let f(d) = -3. Let i(o) = -4*f(o) - n(o). What is the units digit of i(-4)?
6
Suppose 0 = 5*b - 4*w - 64, -w = 2*b - 6*w - 12. Let u be (-36)/(-3)*56/b. Let t = u + -19. What is the units digit of t?
3
Suppose -28626 = -3*x - 2*k, -9*x + 12*x + 4*k - 28626 = 0. What is the tens digit of x?
4
Let l(p) be the third derivative of p**6/120 - 4*p**5/15 + 25*p**4/24 - 26*p**3/3 + 3*p**2 + 13. What is the hundreds digit of l(19)?
5
Let h(o) be the third derivative of -o**4/8 - 25*o**3/6 - 36*o**2. Let v be h(-10). What is the units digit of 410*v/50*5?
5
Let r = 29 - 48. Let p = -16 - r. Suppose 0*s = -p*h + s + 542, 4*s + 20 = 0. What is the hundreds digit of h?
1
Suppose 4*g - 53599 + 7235 = 4*t, 0 = g + 5*t - 11561. What is the tens digit of g?
8
Suppose 0 = 73*c - 1683615 - 1642776. What is the units digit of c?
7
Suppose x = -3*c + 137488, -108*c + 5*x - 45820 = -109*c. What is the hundreds digit of c?
8
Suppose 11035 = -20*f + 23512 + 83423. What is the hundreds digit of f?
7
Suppose -1 = t, 9*t = 2*y + 10*t - 5227. What is the thousands digit of y?
2
Let d = 548 + -546. Suppose 0 = q - 2*n - 121 - 111, -2*q = -n - 476. Suppose d*v - q = -4*v. What is the tens digit of v?
4
Let o(k) = 2*k**3 - 48*k**2 - 121*k + 79. What is the hundreds digit of o(31)?
7
Let m = 4836 + 1716. What is the thousands digit of m?
6
Let l(j) = 3*j - 16. Let z be l(5). What is the units digit of 3412/5 - z - 2/5?
3
Suppose 15*l = 7*l + 16. What is the hundreds digit of (33 - 17)/(5/(65/l))?
1
What is the tens digit of ((-4)/(-35))/(130/(-325))*-64547?
4
Let w be -8 + 5 + 1/((-2)/(-598)). Suppose -4*v - w = -y, 0*v - 2*y = -v - 81. Let q = v + 156. What is the units digit of q?
3
Suppose -3*z = 5*u - 8322, -32*z + 31*z + 2*u = -2796. What is the thousands digit of z?
2
Let x(n) = 6*n - 4. Suppose 0 = -63*j + 60*j + 3. Let v be (1/(-3) - (-32)/24)/j. What is the units digit of x(v)?
2
Let j(p) = 6*p**2 + 21*p + 56. Let t(k) = k**2 - k - 1. Let i(y) = j(y) + 3*t(y). What is the hundreds digit of i(-9)?
6
Suppose -5*d + 1324 = f, 4*d - 280 = 3*d - 4*f. Let t = d - -61. Let g = -190 + t. What is the tens digit of g?
3
Let p(a) = -38 - 4*a + 4*a**2 - 3*a + 21*a + 13. What is the tens digit of p(-11)?
0
Suppose 0 = 4*r - 4*h + 20, 0 = -r + 3*h + 4 + 1. What is the tens digit of (-4)/r + 5208/155?
3
What is the ten thousands digit of (-273)/((-59670)/9932 + (-18)/(-3))?
3
Let x(j) = j**3 + 19*j**2 + 9*j + 62. Let a(s) = s**3 + 14*s**2 + 27*s + 18. Let i be a(-12). What is the hundreds digit of x(i)?
2
Let u(k) = 559*k + 6637. What is the thousands digit of u(4)?
8
Let n be 4 - 23/(-3) - 2/3. Suppose -25 = -16*w + n*w. Suppose 0 = 4*q - 2*i - 160, -4*i = -w*q + i + 210. What is the tens digit of q?
3
Let v(g) = 85*g - 79. Suppose -64*i - 77 = -75*i. What is the tens digit of v(i)?
1
What is the hundreds digit of ((-55)/(-2))/((-236)/(-116112))?
5
Suppose 7 = 10*r - 1543. Suppose 7*k = 153 + r. What is the tens digit of k?
4
Let i = -149 + -46. Let a = i - -588. What is the units digit of a?
3
Let w(q) = 24*q + 92. Suppose -5*f - 2*u = 2*u - 41, 2*f + u - 17 = 0. What is the tens digit of w(f)?
0
Suppose 5*o + 4 = l - 0*l, l + 4*o - 13 = 0. Suppose 4*k - 304 = -4*y, -3*y + 253 = -k + l. What is the tens digit of y?
8
Let a = -75 + 73. Let f(b) be the third derivative of b**5/12 + b**4/6 - b**3/3 + 2*b**2. What is the tens digit of f(a)?
1
Let u be (3/(-6))/((3/(-678))/1). Suppose j = u + 45. What is the tens digit of j?
5
Suppose 3*m - 168 = -4*m. Let t be 3/(-2)*2*m/(-9). Suppose 6*b = t*b - 440. What is the hundreds digit of b?
2
Suppose 256*y - 254*y = 2928. Let f = 266 + y. What is the thousands digit of f?
1
Let k = 21349 - 8622. What is the hundreds digit of k?
7
Let s(y) = 2*y + 24. Let h be s(-11). Suppose h*d - 3*d = -3. Suppose d*u = 2*u + 50. What is the tens digit of u?
5
Let t(q) = -q**3 + 4*q**2 + 7*q - 7. Let a be t(5). Suppose a*s - 5*l - 127 - 64 = 0, l - 221 = -3*s. Let h = s + 22. What is the units digit of h?
4
Suppose 0 = 2*a - 702 + 2. Let r = 782 - a. Suppose -2*j = -11*j + r. What is the units digit of j?
8
Let c be (218/4)/(-1*2/12). Let n be 2/((-1314)/c - 4). Suppose -5*t - 3*g + 2*g + 298 = 0, 0 = -2*t + 3*g + n. What is the units digit of t?
9
Suppose t + 4*f + 17 = -0, 3*t + 1 = -2*f. What is the hundreds digit of (-2 - -110)*(t - 11)/(-2)?
4
Let k(q) = -39*q**2 - 777*q + 59. Let g be k(-20). Let w = -13 - -94. What is the hundreds digit of 8739/w + (-1)/(9/g)?
1
Let h = 14599 + -2137. What is the ten thousands digit of h?
1
Let u = -14 + 6. What is the tens digit of (2/(u/6) + -1)*-82?
0
Let d(b) = 149*b**3 - 2*b**2 + 4. Let k(f) = 148*f**3 - 2*f**2 + 6. Let t(s) = 4*d(s) - 3*k(s). What is the hundreds digit of t(2)?
2
Let s(b) = 25*b**2 - b + 49. What is the units digit of s(10)?
9
Let d be ((-756)/(-8))/((-24)/(-64)). Suppose 1739 = 4*l - 3*u, 5*u - d = -2*l + 637. What is the units digit of l?
7
What is the units digit of (-13 - -3278) + (8 - -2)?
5
Let y(r) = 6*r**3 + 43*r**2 - 15*r + 28. What is the units digit of y(8)?
2
Suppose q - x = -70, 2 - 6 = -x. Let o = 179 - q. What is the units digit of o?
5
Let x be 910/98 - 4/(-28)*-2. Suppose 3*n = 2*m + 223, x*n = 5*n - 5*m + 328. What is the tens digit of n?
7
Let o = -45 - -34. Let u be o/22 + (-18)/4. What is the units digit of (-1)/(-5) + (-144)/u?
9
Let a be (-2)/(-4)*(93 + -93). Suppose -19*j = -a*j - 14839. What is the hundreds digit of j?
7
Let l(b) = -17*b + 203. Let w(r) = -4*r - 1. Let y(m) = -l(m) - 5*w(m). What is the units digit of y(29)?
5
Let w(y) = -2568*y + 1524. What is the tens digit of w(-14)?
7
Let b be 3/(2 + 1) + 1. Suppose -1105 = -5*i - 3*x, -b*i + 271 = 5*x - 190. What is the hundreds digit of i?
2
Let c(d) = d**3 - 4*d**2 - d + 4. Let m be c(3). Let g be 36/(-96) - 35/m. Suppose -186 = -3*o - g*w + 2*w, o - 69 = -3*w. What is the units digit of o?
0
Let o = -9623 + 17685. What is the hundreds digit of o?
0
Suppose -111*o - 2706480 = -183*o. What is the hundreds digit of o?
5
Suppose -3*v - v = -12. Let o be (v/(-6)*-4)/((-2)/(-121)). Let k = o + -66. What is the units digit of k?
5
Suppose -3*p - 15 = 0, -1173*z + 1171*z + 3*p = -105731. What is the thousands digit of z?
2
Let s be (-5665)/(-2) + (-36)/24. Let t = -1683 + s. What is the thousands digit of t?
1
Suppose -302*r + 1194852 = 28*r - 5787288. What is the thousands digit of r?
1
Suppose -3*m + r = -35762, 5*m - 3*r - 59630 = -8*r. What is the ten thousands digit of m?
1
What is the hundreds digit of (-7 - (75888/20)/(-6))*5?
1
Suppose -258*b + 1048549 + 1487030 = 844131. What is the thousands digit of b?
6
Suppose 4*c = -2*j + 88, 3*c + 5*j - 66 = 8*j. Let b be ((-11)/c)/(2/(-8)). Suppose u - 3*d - 52 = 0, 5*u = b*u - 5*d + 100. What is the tens digit of u?
4
Let n = -20 + 3491. What is the thousands digit of n?
3
Suppose 0 = -3*r 